{"id":24,"date":"2015-02-14T14:45:41","date_gmt":"2015-02-14T14:45:41","guid":{"rendered":"http:\/\/www.putkiradiomuseo.fi\/PRT\/?page_id=24"},"modified":"2015-02-14T14:45:41","modified_gmt":"2015-02-14T14:45:41","slug":"mika","status":"publish","type":"page","link":"http:\/\/www.putkiradiomuseo.fi\/PRT\/mika\/","title":{"rendered":"Mik\u00e4?"},"content":{"rendered":"<p><a href=\"http:\/\/www.putkiradiomuseo.fi\/PRT\/wp-content\/uploads\/2015\/02\/logo.jpg\"><img decoding=\"async\" loading=\"lazy\" class=\" size-full wp-image-18 alignleft\" src=\"http:\/\/www.putkiradiomuseo.fi\/PRT\/wp-content\/uploads\/2015\/02\/logo.jpg\" alt=\"logo\" width=\"75\" height=\"171\" \/><\/a>PerinneRadioTapahtuman (PRT) kohderyhm\u00e4n\u00e4 ovat kaikki ne &#8211; p\u00e4\u00e4osin suomalaiset &#8211; radioamat\u00f6\u00f6rit, joita kiinnostavat vanhat sota-ajan kentt\u00e4- kuin muutkin sotilasradiot ja niiden ominainen &#8221;soundi&#8221;. Monien kiinnostus n\u00e4ihin radioihin on syntynyt niihin liittyvist\u00e4 sotatarinoista (mm. Kyynel) ja radiotiedustelun legendaarisista tuloksista. &#8221;Bertta&#8221;, &#8221;Veera&#8221; ja muut PV:n kentt\u00e4- ja sissiradiot tuovat mieleen useimmille varttuneemmille hameille oman varusmiesajan tai YK-joukkojen muistot ja perinteet. Perinneradiotapahtuman tarkoituksena on tarjota mahdollisimman monelle &#8211; nuoremmalle ja varttuneemmalle &#8211; radioamat\u00f6\u00f6rille mahdollisuuden pit\u00e4\u00e4 yhteyksi\u00e4 nostalgisilla perinneradioilla muihin ra-asemiin, sek\u00e4 motivoida historiallisen radiokaluston kunnostusta ja edist\u00e4\u00e4 s\u00e4hk\u00f6tyksen k\u00e4ytt\u00f6\u00e4 radioamat\u00f6\u00f6riliikenteess\u00e4..<\/p>\n<p>Painotukseltaan talvi- ja kes\u00e4tapahtumat ovat hieman erilaiset. Radioamat\u00f6\u00f6rien itsen\u00e4isyysp\u00e4iv\u00e4n tapahtuma 6.12 on luonteeltaan korostetun is\u00e4nmaallishenkinen, sotaveteraanien ty\u00f6t\u00e4 kunnioittava ja radion merkityst\u00e4 sodassa esille tuova tilaisuus. Perinneradioasemien toiminta perustuu t\u00e4ll\u00f6in yksinomaan vanhojen radioiden k\u00e4ytt\u00f6\u00f6n. Kes\u00e4n PRT sen sijaan on vapaamuotoisempi toimintap\u00e4iv\u00e4, joka voi liitty\u00e4 esim. perinneradioasemaa operoivan kerhon (tai yksityisen henkil\u00f6n) leiriin tai muuhun kentt\u00e4operointiin.<\/p>\n<p>PRT:ll\u00e4 on johtoasema, joka hoitaa tapahtuman j\u00e4rjestelyt. PRT-liikenn\u00f6inti tapahtuu p\u00e4\u00e4asiassa 80 metrin amat\u00f6\u00f6rialueella, mutta johtoasema voi harkintansa mukaan ottaa mukaan muitakin radioamat\u00f6\u00f6reille varattuja HF-alueita. Johtoasema antaa t\u00e4st\u00e4 tapahtumakohtaiset ohjeet. Johtoasemalla on omassa tapahtumassaan oikeus hyv\u00e4ksy\u00e4 tai hyl\u00e4t\u00e4 jonkin uuden laitetyypin soveltuvuus varsinaiseksi PRT-asemaksi, jolle tapahtumassa osoitetaan oma taajuus (ns. tolppa-asema).<\/p>\n<p>Tapahtuman p\u00e4\u00e4tarkoituksena ei ole kilpailu eik\u00e4 osallistujien paremmuusj\u00e4rjestykseen laittaminen. Lokeja ei ker\u00e4t\u00e4. Tapahtumaan ovat tervetulleita osallistumaan vasta-asemina kaikki radioamat\u00f6\u00f6riasemat my\u00f6s uudemmalla kalustolla.<\/p>\n","protected":false},"excerpt":{"rendered":"<p>PerinneRadioTapahtuman (PRT) kohderyhm\u00e4n\u00e4 ovat kaikki ne &#8211; p\u00e4\u00e4osin suomalaiset &#8211; radioamat\u00f6\u00f6rit, joita kiinnostavat vanhat sota-ajan kentt\u00e4- kuin muutkin sotilasradiot ja niiden ominainen &#8221;soundi&#8221;. Monien kiinnostus n\u00e4ihin radioihin on syntynyt niihin liittyvist\u00e4 sotatarinoista (mm. Kyynel) ja radiotiedustelun legendaarisista tuloksista. &#8221;Bertta&#8221;, &#8221;Veera&#8221; ja muut PV:n kentt\u00e4- ja sissiradiot tuovat mieleen useimmille varttuneemmille hameille oman varusmiesajan tai YK-joukkojen [&hellip;]<\/p>\n","protected":false},"author":1,"featured_media":0,"parent":0,"menu_order":0,"comment_status":"open","ping_status":"open","template":"","meta":{"_mc_calendar":[]},"_links":{"self":[{"href":"http:\/\/www.putkiradiomuseo.fi\/PRT\/wp-json\/wp\/v2\/pages\/24"}],"collection":[{"href":"http:\/\/www.putkiradiomuseo.fi\/PRT\/wp-json\/wp\/v2\/pages"}],"about":[{"href":"http:\/\/www.putkiradiomuseo.fi\/PRT\/wp-json\/wp\/v2\/types\/page"}],"author":[{"embeddable":true,"href":"http:\/\/www.putkiradiomuseo.fi\/PRT\/wp-json\/wp\/v2\/users\/1"}],"replies":[{"embeddable":true,"href":"http:\/\/www.putkiradiomuseo.fi\/PRT\/wp-json\/wp\/v2\/comments?post=24"}],"version-history":[{"count":1,"href":"http:\/\/www.putkiradiomuseo.fi\/PRT\/wp-json\/wp\/v2\/pages\/24\/revisions"}],"predecessor-version":[{"id":25,"href":"http:\/\/www.putkiradiomuseo.fi\/PRT\/wp-json\/wp\/v2\/pages\/24\/revisions\/25"}],"wp:attachment":[{"href":"http:\/\/www.putkiradiomuseo.fi\/PRT\/wp-json\/wp\/v2\/media?parent=24"}],"curies":[{"name":"wp","href":"https:\/\/api.w.org\/{rel}","templated":true}]}}